{"id":7,"date":"2026-04-27T19:15:44","date_gmt":"2026-04-27T19:15:44","guid":{"rendered":"https:\/\/propinatiu.ro\/?page_id=7"},"modified":"2026-04-28T09:46:38","modified_gmt":"2026-04-28T09:46:38","slug":"carti","status":"publish","type":"page","link":"https:\/\/propinatiu.ro\/carti\/","title":{"rendered":"Carti"},"content":{"rendered":"<div id=\"main\">\n<div id=\"primary\">\n<div id=\"content\" role=\"main\">\n<article id=\"post-2\" class=\"post-2 page type-page status-publish hentry\">\n<div class=\"entry-content\">\n<p>Download c\u0103r\u0163i Propina\u0163iu format PDF<\/p>\n<p><strong>Postrom\u00e2nismul<\/strong><\/p>\n<p><a href=\"..\/wp-content\/uploads\/2014\/08\/pro1.jpg\" target=\"_blank\" rel=\"noopener noreferrer\"><img decoding=\"async\" class=\"alignright\" src=\"..\/wp-content\/uploads\/2014\/08\/pro.jpg\" alt=\"\" \/><\/a>Probleme de baz\u0103 ale rom\u00e2nilor v\u0103zute de subcomentatorul webistic \u00een reac\u0163ii \u015fi deflagra\u0163ii urmate, dup\u0103 analiza-sinteza lor, de\u00a0<em>Cursul scurt de Ini\u0163iere spiritual\u0103<\/em>\u00a0ca postac profesionist pe baz\u0103 de liste de c\u0103r\u0163i \u015fi tr\u0103iri bune, fie\u00a0<em>Lista lui Propina\u0163iu<\/em>, fie oricare alta propus\u0103 pe drumul Marii Recuper\u0103ri. Durabil\u0103 pace sufleteasc\u0103 aduce\u00a0<em>Codul deontologic al postacului<\/em>, c\u00e2nd e urmat cu sfin\u0163enie, patriotism \u015fi mil\u0103 de popula\u0163ie.<br \/>\n<em><strong><a title=\"Postrom\u00e2nismul\" href=\"https:\/\/drive.google.com\/file\/d\/1bjedgYu-uq_MFAfvSE3Xc2oNgB1PZU6s\/view?usp=sharing\" target=\"_blank\" rel=\"noopener noreferrer\">Download PDF<\/a><\/strong><\/em><br \/>\n<a href=\"https:\/\/drive.google.com\/file\/d\/1miLNNyA-awu4IG5lPp3Y-1S8MyBOiJ9B\/view?usp=sharing\">Postromanismul \u2013 Camelian Propinatiu.epub<\/a><br \/>\n<a href=\"https:\/\/drive.google.com\/file\/d\/1ejzf2j2MAUn86cdtB6DRNVSWyc9sEK0D\/view?usp=sharing\">Postromanismul \u2013 Camelian Propinatiu.mobi<\/a><br \/>\n.<\/p>\n<p>Trilogia\u00a0<strong>\u201eNECHEZOL. \u00cent\u00e2mpl\u0103ri din via\u0163a \u00eenlocuitorilor de intelectuali\u201d<\/strong>, inclusiv a r\u0103u chinui\u0163ilor de Sindromul Refu, c\u00e2nd se cred refuza\u0163i la export doar pentru c\u0103 s-au n\u0103scut \u00een RO:<\/p>\n<p><strong>La un col\u0163 de cotitur\u0103<\/strong><\/p>\n<p><a href=\"..\/wp-content\/uploads\/2014\/08\/lcc1.jpg\" target=\"_blank\" rel=\"noopener noreferrer\"><img decoding=\"async\" class=\"alignright\" src=\"..\/wp-content\/uploads\/2014\/08\/lcc.jpg\" alt=\"\" \/><\/a><\/p>\n<p>Roman\u0163ul comic al tranzi\u0163iei rom\u00e2ne\u015fti \u00een ale cercet\u0103rii \u015ftiin\u0163ifice, teamul interdisciplinar al lui Picior-de-Porc, Din\u0163i\u015for \u015fi Gujghil preocup\u00e2ndu-se de eficientizarea inov\u0103rii, dar, fatalitate, ei nu reu\u015fesc dec\u00e2t \u00een folos propriu, deoarece sf\u00e2r\u015fitul liberal al antepostistoriei \u00ee\u015fi bag\u0103 codoiul \u00een\u00a0<em>punctul atomic<\/em>\u00a0ascuns fa\u0163\u0103 de spioni la un col\u0163 de cotitur\u0103, l\u00e2ng\u0103 minibigul Aeroportul Para\u015futi\u015ftilor.<br \/>\n<em><strong><a href=\"https:\/\/drive.google.com\/file\/d\/1Fse_IVE3zwJl-z7irp_h3RbT15Kq5K0b\/view?usp=sharing\" target=\"_blank\" rel=\"noopener noreferrer\">Download PDF<\/a><\/strong><\/em><br \/>\n<a href=\"https:\/\/drive.google.com\/file\/d\/1ITB_yPWB3gHWHokRg2yMNytkpCuOCznl\/view?usp=sharing\">La un colt de cotitura \u2013 Camelian Propinatiu.epub<\/a><br \/>\n<a href=\"https:\/\/drive.google.com\/file\/d\/1yfdK5S_VN9kheYu8gyHTgFUPR0qpo9_Q\/view?usp=sharing\">La un colt de cotitura \u2013 Camelian Propinatiu.mobi<\/a><\/p>\n<p><strong>Mu\u015fc\u0103tura<\/strong><\/p>\n<p>Poemul tranzi\u0163iei literar-artistice, \u00eentre c\u00e2ini, licantropi \u015fi NATO poeta Lucida Tahoma fiind mu\u015fcat\u0103 de diminea\u0163\u0103 la gunoaie, deoarece s-a strofocat s\u0103-\u015fi publice placheta, dar cu generalul Vasea \u015fi motanul Ionel e aleas\u0103\u00a0<em>foarte sus<\/em>, s\u0103 combat\u0103 eutanasierile \u015fi castr\u0103rile de pe pozi\u0163iile ecomilei propov\u0103duite de tanti Cici, m\u0103rit\u00e2ndu-se cu un b\u0103iat de la Yale, \u00een timp ce pe Poezie a luat-o dracu.<br \/>\n<em><strong><a title=\"Muscatura\" href=\"https:\/\/drive.google.com\/file\/d\/1sY3qEmZm4EeY4GtH1hQHN0DAVd247pZI\/view?usp=sharing\" target=\"_blank\" rel=\"noopener noreferrer\">Download PDF<\/a><\/strong><\/em><br \/>\n<a href=\"https:\/\/drive.google.com\/file\/d\/1GkTswSSEe5kFfWRtW9crbokaHtIzMp08\/view?usp=sharing\">Muscatura \u2013 Camelian Propinatiu.epub<\/a><br \/>\n<a href=\"https:\/\/drive.google.com\/file\/d\/19KpoZcPcojHt4Stml51E3oUY72WRwBU7\/view?usp=sharing\">Muscatura \u2013 Camelian Propinatiu.mobi<\/a><\/p>\n<p><strong>Oligopedagogia<\/strong><\/p>\n<p><a href=\"..\/wp-content\/uploads\/2014\/08\/opd1.jpg\" target=\"_blank\" rel=\"noopener noreferrer\"><img decoding=\"async\" class=\"alignright\" src=\"..\/wp-content\/uploads\/2014\/08\/opd.jpg\" alt=\"\" \/><\/a>Colapsul sistemului educa\u0163ional interpretat de personaje cu nume leniniste, adic\u0103 sovietice, \u00een spa\u0163iul literar sud-american realist magic castrist, cobind vasazic\u0103 asupra sensului flexibiliz\u0103rii curriculare. Dincolo de\u00a0<em>excep\u0163ia de la regul\u0103<\/em>, emanciparea Cadrelor Didactice e o prioritate na\u0163ional\u0103, servind ca o curea de transmisie \u00eentre aforismele Autoelitei \u015fi interjec\u0163iile Gloatei pe toat\u0103 durata sacrificiilor \u00eemplinirii Misiei noastre Culturale.<br \/>\n<em><strong><a title=\"Oligopedagogia\" href=\"https:\/\/drive.google.com\/file\/d\/1Pd6pqcXcih2Yv31IzGuruscIDTkTD3-z\/view?usp=sharing\" target=\"_blank\" rel=\"noopener noreferrer\">Download PDF<\/a><\/strong><\/em><br \/>\n<a href=\"https:\/\/drive.google.com\/file\/d\/1E0v7kEQs1LPUApG2eYPYLSN4VF6ZjCof\/view?usp=sharing\">Oligopedagogia \u2013 Camelian Propinatiu.epub<\/a><br \/>\n<a href=\"https:\/\/drive.google.com\/file\/d\/1EhuRUCGqm8EH1ZCo3cVznWN34aXkghyz\/view?usp=sharing\">Oligopedagogia \u2013 Camelian Propinatiu.mobi<\/a><\/p>\n<p><strong>Kitsch orbitor \u015fi geniu inaripat \u2013 Nobelul rom\u00e2nului Cartarescu<\/strong><\/p>\n<p><a href=\"..\/wp-content\/uploads\/2014\/08\/kio1.jpg\" target=\"_blank\" rel=\"noopener noreferrer\"><img decoding=\"async\" class=\"alignright\" src=\"..\/wp-content\/uploads\/2014\/08\/kio.jpg\" alt=\"\" \/><\/a>Studiu critic de fezabilitate, \u00eennobelarea ACUM a Scripturilor Rom\u00e2ne fiind benefic\u0103 pentru: Luminarea Poporului, Recuperarea Basarabiei, Reprimarea Bol\u015fevismului, Re-Monarhia, Institutul pentru Semnalarea \u015fi Monitorizarea Antiromanismului ISMAR anexat la ICR, calific\u0103rile Na\u0163ionalei, Occidentalizarea Infrastructurii Intelectuale \u015fi Fisiunea Monopolului Ideologic-Ierarhizator al Autoelitei.<br \/>\n<strong><em><a title=\"Kitsch orbitor si geniu inaripat - Nobelul\" href=\"https:\/\/propinatiu.wordpress.com\/wp-content\/uploads\/2012\/03\/camelian-propinatiu-nobelul-romanului-cartarescu.pdf\" target=\"_blank\" rel=\"noopener noreferrer\">Download PDF<\/a><\/em><\/strong><br \/>\n<a href=\"https:\/\/drive.google.com\/file\/d\/1dB1eRNvnoAdkYUufP74y9ZXgZtbdeHHr\/view?usp=sharing\">Kitsch orbitor si geniu inaripat \u2013 Camelian Propinatiu.epub<\/a><br \/>\n<a href=\"https:\/\/drive.google.com\/file\/d\/1Ss50r_VkcZGWCHSUOvu10FJEmTHvlBRr\/view?usp=sharing\">Kitsch orbitor si geniu inaripat \u2013 Camelian Propinatiu.mobi<\/a><\/p>\n<p><strong>Luminarea Poporului<\/strong><\/p>\n<p><a title=\"Camelian Propinatiu - Luminarea Poporului\" href=\"..\/wp-content\/uploads\/2014\/08\/lmp1.jpg\" target=\"_blank\" rel=\"noopener noreferrer\"><img decoding=\"async\" class=\"alignright\" src=\"..\/wp-content\/uploads\/2014\/08\/lmp.jpg\" alt=\"\" \/><\/a>Sub forma unei culegeri de bune practici \u015fi exemple concrete de post\u0103ri reu\u015fite sau nereu\u015fite tot at\u00e2t de instructive, manualul pentru postaci profesioni\u015fti\u00a0<em>Luminarea Poporului<\/em>\u00a0ne \u00eenva\u0163\u0103 c\u0103 Marea Recuperare a istoriei netr\u0103ite, poate fi \u00eemboldit\u0103 prin \u00eentregirea sau contestarea \u00een subterana textului a tuturor enun\u0163urilor dubioase sau neispr\u0103vite de pe web.<br \/>\n<em><strong><a href=\"https:\/\/propinatiu.wordpress.com\/wp-content\/uploads\/2014\/11\/camelian-propinatiu-luminarea-poporului.pdf\" target=\"_blank\" rel=\"noopener noreferrer\">Download PDF<\/a><\/strong><\/em>\u00a07.6 Mb<br \/>\n[Acelasi pdf 13.3 Mb, cu imagini clare \u2013 Propinatiu\u00a0<em>Luminarea Poporului<\/em>\u00a0<a title=\"Camelian Propinatiu - Luminarea Poporului\" href=\"https:\/\/archive.org\/details\/CamelianPropinatiu-LuminareaPoporului\" target=\"_blank\" rel=\"noopener noreferrer\">Internet Archive<\/a>]<br \/>\n<a href=\"https:\/\/drive.google.com\/file\/d\/1jsOQ1DVSaQ71hENjhgM0bR6Di9_xaLRu\/view?usp=sharing\">Luminarea Poporului \u2013 Camelian Propinatiu.epub<\/a><br \/>\n<a href=\"https:\/\/drive.google.com\/file\/d\/1bawsG4ayGzXG5b169Xa6-lBpx9OwbMf-\/view?usp=sharing\">Luminarea Poporului \u2013 Camelian Propinatiu.mobi<\/a><\/p>\n<p>*** La T\u00e2rgul de Carte Gaudeamus 2006, Camelian Propina\u0163iu a lansat evocarea<br \/>\n<strong>Puii p\u0103s\u0103rii cu clon\u0163 de rubin pe urmele poetului Nicolae Labi\u015f<\/strong>\u00a0(Edago, 2006),<\/p>\n<p><a title=\"Camelian Propinatiu - Puii p\u0103s\u0103rii cu clon\u0163 de rubin pe urmele poetului Nicolae Labi\u015f\" href=\"https:\/\/propinatiu.wordpress.com\/wp-content\/uploads\/2014\/11\/camelian-propinatiu-aniversare-labis.pdf\" target=\"_blank\" rel=\"noopener noreferrer\">Download pdf *\u00a0<strong>Puii p\u0103s\u0103rii cu clon\u0163 de rubin pe urmele poetului Nicolae Labi\u015f\u00a0<\/strong><\/a>(Edago, 2006)<\/p>\n<p><a href=\"https:\/\/drive.google.com\/file\/d\/1Wh79KdECaSS99fki5Ek0FRZhndDmmfjv\/view?usp=sharing\">Puii pasarii cu clont de rubin \u2013 Camelian Propinatiu.epub<\/a><br \/>\n<a href=\"https:\/\/drive.google.com\/file\/d\/1761v0jqvDhhnj5vS5YJuI4PT4m8x6VDX\/view?usp=sharing\">Puii pasarii cu clont de rubin \u2013 Camelian Propinatiu.mobi<\/a><\/p>\n<p>Eroarea de a g\u00e2ndi prea autocritic momente istorice e comun\u0103. Se observ\u0103 \u0219i la Armand Hrestic, \u00een tetralogia\u00a0<em>R\u0103zboiul Sf\u00e2nt<\/em>, abandonat\u0103 \u00een 1997-2003. A pornit de la Tolstoi spre Broch, dar a p\u0103c\u0103tuit prin asumarea a prea mult sarcasm de peni\u021b\u0103 Musil, \u00eenc\u00e2t aceste reconstituiri provizorii necesit\u0103 chirurgie reparatoare.<\/p>\n<p>&nbsp;<\/p>\n<div class=\"wp-block-group\">\n<div class=\"wp-block-group__inner-container is-layout-constrained wp-block-group-is-layout-constrained\">\n<div class=\"wp-block-group is-vertical is-layout-flex wp-container-core-group-is-layout-8cf370e7 wp-block-group-is-layout-flex\">\n<p class=\"has-text-align-left\"><a href=\"https:\/\/drive.google.com\/file\/d\/1uHaqgIXwEJpg1LjpINfNTTTvmAOWW5Ne\/view?usp=share_link\" target=\"_blank\" rel=\"noreferrer noopener\">Download pdf *\u00a0<strong>Armand Hrestic \u2013 R\u0103zboiul Sf\u00e2nt \u2013 Volumul 1<\/strong><\/a><\/p>\n<p><a href=\"https:\/\/drive.google.com\/file\/d\/1R5awmIemNyM7IEUSDi-ZsyVORVJi8LM3\/view?usp=share_link\" target=\"_blank\" rel=\"noreferrer noopener\">Armand Hrestic \u2013 R\u0103zboiul Sf\u00e2nt \u2013 Volumul 1.epub<\/a><\/p>\n<p><a href=\"https:\/\/drive.google.com\/file\/d\/1UzRJOQkb9z7Cb93X8QKJikjrL0ATYOdT\/view?usp=share_link\" target=\"_blank\" rel=\"noreferrer noopener\">Armand Hrestic \u2013 R\u0103zboiul Sf\u00e2nt \u2013 Volumul 1.mobi<\/a><\/p>\n<\/div>\n<p><a href=\"https:\/\/drive.google.com\/file\/d\/1KaXHod-UgF0SeLY6nH9_XkHqPNXhtb_t\/view?usp=share_link\" target=\"_blank\" rel=\"noreferrer noopener\">Download pdf *\u00a0<strong>Armand Hrestic \u2013 R\u0103zboiul Sf\u00e2nt \u2013 Volumul 2<\/strong><\/a><br \/>\n<a href=\"https:\/\/drive.google.com\/file\/d\/1FCfyO0Qw491ceW5-yZzPcefxsSxFNVUM\/view?usp=share_link\" target=\"_blank\" rel=\"noreferrer noopener\">Armand Hrestic \u2013 R\u0103zboiul Sf\u00e2nt \u2013 Volumul 2.epub<\/a><br \/>\n<a href=\"https:\/\/drive.google.com\/file\/d\/1xagaWyPqXpTFJyTPeM8W8tWsOEht15tF\/view?usp=share_link\" target=\"_blank\" rel=\"noreferrer noopener\">Armand Hrestic \u2013 R\u0103zboiul Sf\u00e2nt \u2013 Volumul 2.mobi<\/a><\/p>\n<p><a href=\"https:\/\/drive.google.com\/file\/d\/1qMk8SbJEHkevmQ6zu4kUZ54-akH3mU-q\/view?usp=share_link\" target=\"_blank\" rel=\"noreferrer noopener\">Download pdf *\u00a0<strong>Armand Hrestic \u2013 R\u0103zboiul Sf\u00e2nt \u2013 Volumul 3<\/strong><\/a><\/p>\n<p><a href=\"https:\/\/drive.google.com\/file\/d\/1Go9Cph2mHTssGPa70i5Cmz8LyP7woq80\/view?usp=share_link\" target=\"_blank\" rel=\"noreferrer noopener\">Armand Hrestic \u2013 R\u0103zboiul Sf\u00e2nt \u2013 Volumul 3.epub<\/a><br \/>\n<a href=\"https:\/\/drive.google.com\/file\/d\/1xXcp6XQQ96AKhi7FFJBYGvptsCa4Lsp6\/view?usp=share_link\" target=\"_blank\" rel=\"noreferrer noopener\">Armand Hrestic \u2013 R\u0103zboiul Sf\u00e2nt \u2013 Volumul 3.mobi<\/a><\/p>\n<p><a href=\"https:\/\/drive.google.com\/file\/d\/1UaVnDZ29mM6XuwX4SutYg1ocJWjmu6A4\/view?usp=drive_link\" target=\"_blank\" rel=\"noreferrer noopener\">Download pdf * Armand Hrestic \u2013 R\u0103zboiul Sf\u00e2nt \u2013 Volumul 4<\/a><br \/>\n<a href=\"https:\/\/drive.google.com\/file\/d\/1zD2fzwAePmDiDEsdDr1jntaagdg49Sug\/view?usp=drive_link\" target=\"_blank\" rel=\"noreferrer noopener\">Armand Hrestic \u2013 R\u0103zboiul Sf\u00e2nt \u2013 Volumul 4.epub<\/a><br \/>\n<a href=\"https:\/\/drive.google.com\/file\/d\/1qPVpPcKcJWCjdlnM_w5lrqmvRy3jQK7h\/view?usp=drive_link\" target=\"_blank\" rel=\"noreferrer noopener\">Armand Hrestic \u2013 R\u0103zboiul Sf\u00e2nt \u2013 Volumul 4.mobi<\/a><\/p>\n<\/div>\n<\/div>\n<p>iiiiiiiiiiiiiiiiiiiiiiiiiiiiiiiiiiiiiiiiiiiiiiiiiiiiiiiiiiiiiiiiiiiiiiiiiiiiiiiiiiiiiiiiiiiiiiiiiiiiiiiiiiiiiiiiiiiiiiiiiiiiiiiiiiiiiiiiii<\/p>\n<p><a href=\"https:\/\/drive.google.com\/file\/d\/1bTQz4cvumMNO0UtJ-xZ0u7m7mqei3M42\/view?usp=drive_link\" target=\"_blank\" rel=\"noreferrer noopener\">Download pdf * Armand Hrestic \u2013 R\u0103zboiul Sf\u00e2nt \u2013 Volumul 1+2+3+4, 1524p<\/a><br \/>\n<a href=\"https:\/\/drive.google.com\/file\/d\/16m3IXRahB1_hOMDPrJx5mNbO46iTW2m8\/view?usp=drive_link\" target=\"_blank\" rel=\"noreferrer noopener\">Armand Hrestic \u2013 R\u0103zboiul Sf\u00e2nt \u2013 Volumul 1+2+3+4.epub, 3771p<\/a><br \/>\n<a href=\"https:\/\/drive.google.com\/file\/d\/1V1pSdkz1RxTlrNUp75ItCLbUdSnygREg\/view?usp=drive_link\" target=\"_blank\" rel=\"noreferrer noopener\">Armand Hrestic \u2013 R\u0103zboiul Sf\u00e2nt \u2013 Volumul 1+2+3+4.mobi, 3777p<\/a><\/p>\n<p>&nbsp;<\/p>\n<p><strong>*** Marea Recuperare\u00a0<\/strong>(<em>Work in Progress<\/em>)\u00a0<a title=\"Marea Recuperare\" href=\"..\/wp-content\/uploads\/2014\/08\/mar1.jpg\" target=\"_blank\" rel=\"noopener noreferrer\"><img decoding=\"async\" class=\"alignright\" src=\"..\/wp-content\/uploads\/2014\/08\/mar.jpg\" alt=\"\" \/><\/a>Din\u00a0<em>interven\u0163iile<\/em>\u00a0\u00eentru Marea Recuperare a Misiei Culturale demolate \u00een calea n\u0103v\u0103lirilor barbare \u015fi sub imperii dezna\u0163ionalizante, sustenabil\u0103 dac\u0103 20% din amenzi sau accize, 33% din recuper\u0103ri \u015fi din sponsoriz\u0103rile politice, 12% taxe de lux pe televiziuni\/ tabloide \u015fi 10-15% din investi\u0163iile \u00een carosabil\/ imobiliare se aloc\u0103 rom\u00e2nilor la Infrastructura Intelectual\u0103 \u015fi la Educa\u0163ie, de la Nistru p\u00e2n\u2019 la Tisa \u015fi de la Sydney la Tamisa.<\/p>\n<p>Camelian Propina\u0163iu, c\u0103r\u0163i:<\/p>\n<p><a title=\"Scribd - Carti Propinatiu pdf\" href=\"http:\/\/www.scribd.com\/propinatiu\" target=\"_blank\" rel=\"noopener noreferrer\">Scribd<\/a><\/p>\n<p>Camelian Propina\u0163iu, c\u0103r\u0163i \u00een format pdf, epub, kindle, daysi, txt, djvu:\u00a0\u00a0\u00a0\u00a0\u00a0<a title=\"Internet Archive - Propinatiu Carti\" href=\"http:\/\/archive.org\/search.php?query=Propinatiu\" target=\"_blank\" rel=\"noopener noreferrer\">Internet Archive<\/a><\/p>\n<\/div>\n<\/article>\n<\/div>\n<\/div>\n<div id=\"supplementary\" class=\"one\">\n<div id=\"first\" class=\"widget-area\" role=\"complementary\">\n<aside id=\"text-3\" class=\"widget widget_text\">\n<div class=\"textwidget\">&nbsp;<\/p>\n<div align=\"right\">Resetat&nbsp;&nbsp;&nbsp;<a href=\"http:\/\/s05.flagcounter.com\/more\/x0Dk\"><img decoding=\"async\" src=\"http:\/\/s05.flagcounter.com\/count\/x0Dk\/bg=EDEDED\/txt=000000\/border=CC280E\/columns=3\/maxflags=12\/viewers=0\/labels=0\/\" alt=\"free counters\" border=\"0\" \/><\/a><\/div>\n<p style=\"text-align: right;\">\n<\/div>\n<\/div>\n","protected":false},"excerpt":{"rendered":"<p>Download c\u0103r\u0163i Propina\u0163iu format PDF Postrom\u00e2nismul Probleme de baz\u0103 ale rom\u00e2nilor v\u0103zute de subcomentatorul webistic \u00een reac\u0163ii \u015fi deflagra\u0163ii urmate, dup\u0103 analiza-sinteza lor, de\u00a0Cursul scurt de Ini\u0163iere spiritual\u0103\u00a0ca postac profesionist pe baz\u0103 de liste de c\u0103r\u0163i \u015fi tr\u0103iri bune, fie\u00a0Lista lui Propina\u0163iu, fie oricare alta propus\u0103 pe drumul Marii Recuper\u0103ri. Durabil\u0103 pace sufleteasc\u0103 aduce\u00a0Codul deontologic [&hellip;]<\/p>\n","protected":false},"author":2,"featured_media":0,"parent":0,"menu_order":0,"comment_status":"closed","ping_status":"closed","template":"","meta":{"footnotes":""},"class_list":["post-7","page","type-page","status-publish","hentry"],"_links":{"self":[{"href":"https:\/\/propinatiu.ro\/wp-json\/wp\/v2\/pages\/7","targetHints":{"allow":["GET"]}}],"collection":[{"href":"https:\/\/propinatiu.ro\/wp-json\/wp\/v2\/pages"}],"about":[{"href":"https:\/\/propinatiu.ro\/wp-json\/wp\/v2\/types\/page"}],"author":[{"embeddable":true,"href":"https:\/\/propinatiu.ro\/wp-json\/wp\/v2\/users\/2"}],"replies":[{"embeddable":true,"href":"https:\/\/propinatiu.ro\/wp-json\/wp\/v2\/comments?post=7"}],"version-history":[{"count":9,"href":"https:\/\/propinatiu.ro\/wp-json\/wp\/v2\/pages\/7\/revisions"}],"predecessor-version":[{"id":22,"href":"https:\/\/propinatiu.ro\/wp-json\/wp\/v2\/pages\/7\/revisions\/22"}],"wp:attachment":[{"href":"https:\/\/propinatiu.ro\/wp-json\/wp\/v2\/media?parent=7"}],"curies":[{"name":"wp","href":"https:\/\/api.w.org\/{rel}","templated":true}]}}